What is the units digit of w?
6
Let d(k) = -k**3 - 7*k**2 - k + 4. Let a be d(-7). Let h(t) = t**2 - 10*t - 7. Let j be h(a). Suppose 4 = j*m - 8. What is the units digit of m?
3
Let f be 3 + (-2 - -3) + -28. What is the units digit of 46 - (f/(-2))/(-3)?
0
Suppose -2*u - 3*o = -1418, -5*u + 3536 = o + 2*o. Suppose -5*v - 26 = -u. Suppose -5*a + 314 = -4*t, 2*a - t = 4*a - v. What is the tens digit of a?
6
Suppose -30 + 94 = 4*y. Let i be 1/(6/12*-2). What is the tens digit of (-2 - (i - -1)) + y?
1
Suppose 8*d - 4*i = 7*d + 593, 3*i - 15 = 0. What is the units digit of d?
3
Suppose -4*o = -8 - 4. Suppose -d = o*d - 52. Suppose 0 = -4*h - 4, -d = -4*l + 4*h + 15. What is the units digit of l?
6
Let o(x) = x**2 - 3*x + 3. Suppose -2*z + 3 = -z + a, 0 = -4*a. Let w be o(z). Suppose w*y - 6*y = -207. What is the units digit of y?
9
Suppose -4*s = -4*o - 1424, 0*s = -3*s + 4*o + 1063. What is the hundreds digit of s?
3
Suppose -13*r + 5874 = -8*r - l, 2*r - 5*l = 2368. What is the thousands digit of r?
1
Suppose -a - 2*w + 166 = w, 3*a - 538 = w. What is the units digit of a?
8
What is the units digit of (2 - 4)*(31*-4 - -2)?
4
Suppose 0 = -8*t + 1318 + 3762. What is the tens digit of t?
3
Let x(v) = 14 - 14 - v. Let h be x(-4). Suppose 0*f - h*a = 2*f - 64, -2*f + 2*a = -52. What is the tens digit of f?
2
Let i(w) = -5*w**3 + w**2 - 2*w + 828. What is the units digit of i(0)?
8
Let s = 2 - -4. Let w(a) = 2*a**3 + 3*a**2 - a + 5. Let t(j) = 5*j**3 + 10*j**2 - 4*j + 16. Let m(x) = -3*t(x) + 8*w(x). What is the tens digit of m(s)?
1
Let r = 522 - 277. What is the hundreds digit of r?
2
Suppose 0 = -42*z + 47*z - 360. Let i = 91 - z. What is the units digit of i?
9
Let y be (-1)/(-2) + (-21)/(-6). Suppose -y*c + 358 + 122 = 0. Suppose -5*w + c = -w. What is the tens digit of w?
3
Let d be 1 + (4 - 1 - 2). Let j = 32 - 27. Suppose -b - i + 45 = 0, -j*i = b - d*i - 45. What is the units digit of b?
5
Let n = -316 + 135. Let b = n - -520. What is the hundreds digit of b?
3
Suppose -403 = -3*z + 4*w, -z - 391 = -4*z + w. Let h = 253 - z. What is the tens digit of h?
2
Let c be (-1 - 2)/((-6)/146). Let y = c + -10. What is the tens digit of y?
6
Let q(g) = -g**2 - 2*g + 5. Let i be q(-3). Suppose 0 = i*t - 0*t. Suppose -z + 5*z - 4*v = t, -z = 4*v - 10. What is the units digit of z?
2
Let j = 966 + -507. What is the tens digit of j?
5
What is the thousands digit of (-11 - (-24)/3) + 4*431?
1
Let k = 364 - 255. What is the hundreds digit of k?
1
Suppose 0 = 8*c - 4*c + 116. Let q = 64 - c. What is the tens digit of q?
9
Let r(k) = 2*k**3 - 6*k**2 + k. Suppose -h = -3, d + 28 = 5*d + 4*h. Let i be r(d). Suppose -l + i = l. What is the tens digit of l?
1
Suppose 117 = 5*k - h, -3*k + 6*k - 3*h - 63 = 0. Suppose 4*n - n = k. What is the units digit of n?
8
Let s = -409 + 194. Let f = s + 310. What is the units digit of f?
5
Let u = -606 + 607. What is the units digit of u?
1
What is the units digit of 2/((-16)/(-662))*(72 - 68)?
1
Suppose 0 = 4*z - 8, 5*z - 16 = -5*y + 2*y. Suppose y*f + 2*m = 70, -5*f + 135 = 2*m - 28. What is the tens digit of f?
3
Let t be (-6)/33 + 70/22. Suppose -t*a + 6*a - 6 = 0. What is the units digit of a/(-4) - 870/(-20)?
3
Let i(g) = g + 7. Let j be i(-4). What is the tens digit of 4/24*j*114?
5
Let t be -3 + -88 - 0/(-2). Let q = -1 - t. Suppose -m = -4*m + q. What is the tens digit of m?
3
Let w(u) = -u**3 - 17*u**2 - 14*u - 18. Let g be w(-16). Let t = g - -82. Suppose -4*k - 2*r + 6*r = -t, k - 5*r - 4 = 0. What is the units digit of k?
9
Let v(d) = 10 + 4 + 5*d + 12 + 1. What is the tens digit of v(8)?
6
Let i(n) = 1. Let m(g) = -21*g + 12. Let r(l) = -5*i(l) + m(l). What is the units digit of r(-2)?
9
Let n = 72 - 66. What is the hundreds digit of (2 + 2)*(4 + 28 + n)?
1
Suppose -4*x + 348 = -2*b, -x + b - 2*b = -84. Suppose -g = z - 135 - x, 3*g - 647 = z. What is the hundreds digit of g?
2
Let i(a) = -3 - 1 + 96*a + 2*a**2 + 0*a**2 - 88*a. What is the units digit of i(5)?
6
Suppose 352*p = 359*p - 20258. What is the tens digit of p?
9
Let p(a) = 8*a**3 - 11*a**2 + 10*a + 4. Let m(r) = -7*r**3 + 11*r**2 - 10*r - 4. Let j(y) = -7*m(y) - 6*p(y). Let f = 53 + -43. What is the units digit of j(f)?
4
Suppose 3*x + 3*b + 87 = 6*b, 5*x + 105 = -3*b. Let j be 3/(-15) - x/(-5). What is the units digit of j/(-1) - 2 - -8?
1
Let y(c) be the third derivative of c**5/30 + 7*c**4/24 + 5*c**3/6 + 2*c**2. Let x be y(-4). Let v = x + -8. What is the units digit of v?
1
Let i(n) = 295*n - 235. What is the tens digit of i(3)?
5
Suppose -5*j + 3*x = -22378, 5*x - 1 - 19 = 0. What is the units digit of j?
8
Let z = 31 - 31. Suppose -2*w = 5*j - 45, z = -0*w + 4*w - 4*j - 76. What is the units digit of w?
0
Suppose -3*k - 2*k + 4*t = -39, 5*t + 26 = 3*k. Let z be ((-7)/k)/((-1)/3). Suppose 4*h - n - 30 = n, -z*h - 3*n + 18 = 0. What is the units digit of h?
7
Suppose 6*h = 3*h. Let j(g) = 6*g + g**2 + 1 + h + 8 + 0*g. What is the units digit of j(-6)?
9
Suppose 0 = 5*x - 3984 - 8896. What is the thousands digit of x?
2
Suppose -3*a - 66 = 264. Let g(q) = -9*q**3 - q**2 + 4*q - 3. Let b be g(2). Let u = b - a. What is the units digit of u?
9
What is the units digit of ((-14)/3)/((-9)/((-5076)/(-8)))?
9
Let i = -170 - -53. Let c = i - -207. What is the units digit of c?
0
Let z be 1 - (-48)/(-6)*3/(-2). Suppose z - 944 = -7*a. What is the tens digit of a?
3
What is the units digit of 329/2*(-408)/(-714)?
4
Let g = -40 + 134. Suppose 6*s = 5*s + g. What is the tens digit of s?
9
What is the thousands digit of (2/(-3))/((-106)/313230)?
1
Let g = 245 + -150. Suppose o - 6*o + g = 0. Let d = o - -2. What is the tens digit of d?
2
Let p(i) = 25*i + 91. Let f(j) = -38*j - 137. Let q(u) = -5*f(u) - 8*p(u). What is the tens digit of q(-25)?
0
Let m(y) = -y**2 - 5*y - 4. Let r be m(-4). Suppose 2*d + 1 + 6 = -o, r = 5*d + 5*o + 10. What is the units digit of (-2)/((15/84)/d)?
6
Suppose -6 = -5*u + 4. Suppose -u*o = 2*o - w - 254, -4*w - 312 = -5*o. What is the tens digit of o?
6
Let m be 1258/3 - 15/45. Suppose -3*f - y = 2*f - 421, 5*f - y - m = 0. What is the units digit of f?
4
Let z = -1072 - -1564. What is the hundreds digit of z?
4
Let d = 4901 - 2809. What is the hundreds digit of d?
0
Let b = -597 - -969. What is the tens digit of b?
7
Suppose -2*x + 5*t + 347 = 0, 0*x - x - t = -191. Let y = x - 133. What is the tens digit of y?
5
Let h(j) = -2*j**2 - 37*j + 34. Let f(k) = k**2 + 12*k - 11. Let a(c) = 8*f(c) + 3*h(c). What is the tens digit of a(10)?
6
Let l(m) be the third derivative of m**5/12 + m**4/8 + m**3/3 + 3*m**2. Let b be l(-2). What is the tens digit of (-4)/b - 135/(-12)?
1
Let o = -53 + 398. What is the hundreds digit of o?
3
Let c(f) = 97*f - 4. Let l be c(1). What is the tens digit of l - 1/(-3)*-6?
9
Let m = -159 - -167. What is the units digit of m?
8
Suppose 0 = 4*y - 2 + 14. Let m = y + 14. What is the units digit of m?
1
Suppose -4*h = -h - 5*k + 20, -4*h = -2*k + 8. Let w(m) = 2*m + h*m + 6*m**2 - m. What is the units digit of w(-1)?
5
Suppose -4653 = 11*c - 0*c. Let b = 667 + c. What is the units digit of b?
4
Let t(p) = -p + 4. Let k be t(4). Let h(i) = i**3 + i**2 - i + 3. Let b be h(k). What is the tens digit of 41/b - 4/6?
1
Let y(v) = 13*v**3 - 2*v**2 - v + 5. Let l(n) = -13*n**3 + 3*n**2 + n - 6. Let w(k) = -4*l(k) - 5*y(k). What is the tens digit of w(-2)?
9
What is the units digit of (-6 + 7)/(-1)*-72?
2
Suppose -4*q - 4*l = -q - 85, 3*l = -5*q + 149. Let m = q + -43. What is the units digit of 3 + -6 + 0 - m?
9
Let d = 21 + -31. Let f = d + 20. Suppose -5*k + 22 = 2*h, 5 = 4*k - h - f. What is the units digit of k?
4
Let x be 4 + (-66)/(-9)*3. Let z = -21 + x. What is the units digit of z?
5
Let w(x) = x - 2. Let n = 2 - -3. Let l be w(n). What is the tens digit of 41/l - 6/9?
1
Suppose -4*m + 1104 = 4*t - 152, 0 = -5*m - 4*t + 1570. What is the units digit of m?
4
What is the hundreds digit of (0 + 24)/(4*(-4)/(-488))?
7
Let h(d) = d**3 + 19*d**2 - 11*d + 13. Let a be h(-19). Suppose 404 = 4*p - i, 2*p - a = 3*i - 20. What is the units digit of p?
1
Suppose 2*t - 5 - 10 = 5*j, -t - 6 = 2*j. Suppose t = -3*p + 65 + 184. What is the tens digit of p?
8
Let j(n) = -6*n**2 - 13*n - 20. Let r be j(-9). Let m = r + 62